{"id":1055,"date":"2022-08-03T17:58:06","date_gmt":"2022-08-03T15:58:06","guid":{"rendered":"https:\/\/www.latelieremilie.com\/?page_id=1055"},"modified":"2025-07-18T10:53:36","modified_gmt":"2025-07-18T08:53:36","slug":"programmes-et-acquis-2022-2023","status":"publish","type":"page","link":"https:\/\/www.latelieremilie.com\/index.php\/programmes-et-acquis-2022-2023\/","title":{"rendered":"Programmes et acquis 2025-2026"},"content":{"rendered":"\n<figure class=\"wp-block-table is-style-stripes\"><table><tbody><tr><td><\/td><td><strong>Enfants et ados<\/strong><\/td><td><strong>Adultes<\/strong><\/td><td><strong>Les acquis<\/strong><\/td><\/tr><tr><td><strong>D\u00e9butants<\/strong><\/td><td>1. Le panier de rangement en tissu<br>2. Le tablier et son gant de cuisine<br>3. Le sac \u00e0 dos \u00e0 cordon<br>4. La trousse zipp\u00e9e<br>5. La jupe fronc\u00e9e<br>6. La pochette \u00e0 pression<br>7. Le snood<br>8. Le kimono<br>9. Le sac polochon<\/td><td>1. Le panier de rangement en tissu<br>2. La pochette \u00e0 pression<br>3. Le sac cabas<br>4. La trousse carr\u00e9e<br>5. Le kimono<br>7. La jupe simple<br>8. Le vanity bag<br>9. La robe \u00e0 manches<br>10. La veste en gabardine<\/td><td>-Base de la machine \u00e0 coudre et ses r\u00e9glages<br>&#8211; Point droit, point zig zag<br>&#8211; Surpiqure nervure<br>&#8211; Ourlet<br>&#8211; Pose de fermeture \u00e9clair<br>&#8211; R\u00e9alisation d&rsquo;une boutonni\u00e8re (adulte)<br>&#8211; Couture invisible \u00e0 la main<br>&#8211; Pose de pression<br>&#8211; Compr\u00e9hension d&rsquo;un patron<br>&#8211; Utilisation d&rsquo;une surjeteuse (adulte)<br>&#8211; montage d&rsquo;accessoires avec doublure<br><\/td><\/tr><tr><td><strong>Interm\u00e9diaires<\/strong><\/td><td>1. Le pantalon en coton<br>2. Le sac besace<br>4. Le portefeuille<br>5. La jupe trap\u00e8ze<br>6. Les mitaines<br>7. La banane<br>8. Le coussin graphique<br>9. Le sweat shirt<\/td><td>1. Le haut court en lin<br>2. Le portefeuille<br>3. Le pantalon avec braguette<br>4. La combinaison chemise<br>5. La pochette portefeuille<br>6. Le sweat shirt<br>7. Le sac \u00e0 dos<\/td><td>&#8211; Montage de col de chemise (adulte)<br>&#8211; Montage de fente capucin (adulte)<br>-Montage de fermeture \u00e9clair invisible (adulte)<br>-Pose de fermeture \u00e9clair avec doublure <br>&#8211; Compr\u00e9hension d&rsquo;un patron<br>&#8211; R\u00e9alisation de boutonni\u00e8re<br>&#8211; Pose de bouton pression <br>&#8211; Montage de braguette (adulte)<br>&#8211; Utilisation de chutes de tissu pour des r\u00e9alisations z\u00e9ro d\u00e9chets (enfant)<br>&#8211; Utilisation d&rsquo;une surjeteuse<br><\/td><\/tr><tr><td>Interm\u00e9diaires +<\/td><td>1. Le sac en jean recycl\u00e9<br>2. La veste en gabardine<br>3. Le sac \u00e0 dos<br>4. Le bob r\u00e9versible<br>5. La blouse en popeline<br>6. Le tote bag inspiration Dior<\/td><td>1. La jupe \u00e0 plis<br>2. La robe \u00e0 volant<br>3. Le pantalon cargo<br>4. Le sac seau<br>5. Le top en maille<\/td><td>&#8211; Utilisation d&rsquo;une surjeteuse<br>&#8211; Montage et manipulation de tissus extensibles<br>&#8211; Montage de col <br>&#8211; R\u00e9alisation de plis (adulte)<br>&#8211; R\u00e9alisation de fronces (adulte)<br>&#8211; Montage de poche passepoil\u00e9e zipp\u00e9e<br>&#8211; Travail de finitions type \u00ab\u00a0jean\u00a0\u00bb<br>&#8211; Montage d&rsquo;accessoire avec tissu tr\u00e8s \u00e9pais<br>-R\u00e9alisation de boutonni\u00e8re<\/td><\/tr><tr><td>Avanc\u00e9s <\/td><td>1. Le sac week-end<br>2. Le sweat shirt court<br>3. Le sac en patchwork<br>4. La robe \u00e0 fronces<\/td><td>1. Le manteau d&rsquo;hiver<br>2. Le tote bag inspiration Dior<br>3. Le bombers<br>4. Le pantalon fluide<br>5. La chemise classique<\/td><td>&#8211; Montage de doublure sur une veste (adulte)<br>-Pose de fermeture \u00e9clair avec doublure (adulte)<br>&#8211; Compr\u00e9hension d&rsquo;un patron<br>&#8211; Montage de braguette (adulte)<br>&#8211; Montage de col bombers (adulte)<br>&#8211; Montage de poche passepoil\u00e9e zipp\u00e9e (adulte)<br>&#8211; Travail de finitions type \u00ab\u00a0jean\u00a0\u00bb (adulte)<br>-R\u00e9alisation de boutonni\u00e8re (adulte)<br>&#8211; Montage de col tailleur (adulte)<br>-Technique du patchwork (enfant)<br>&#8211; R\u00e9alisation de fronces (enfant)<\/td><\/tr><\/tbody><\/table><figcaption class=\"wp-element-caption\">*en fonction de l&rsquo;avanc\u00e9e du groupe, certains projets pourront \u00eatre ajout\u00e9s ou retir\u00e9s du programme.<br>* N&rsquo;h\u00e9sitez pas \u00e0 m&rsquo;envoyer un email pour avoir plus d&rsquo;informations sur les programmes.<\/figcaption><\/figure>\n","protected":false},"excerpt":{"rendered":"<p>Enfants et ados Adultes Les acquis D\u00e9butants 1. Le panier de rangement en tissu2. Le tablier et son gant de cuisine3. Le sac \u00e0 dos \u00e0 cordon4. La trousse zipp\u00e9e5. La jupe fronc\u00e9e6. La pochette \u00e0 pression7. Le snood8. Le kimono9. Le sac polochon 1. Le panier de rangement en tissu2. La pochette \u00e0 pression3. &hellip; <\/p>\n","protected":false},"author":1,"featured_media":0,"parent":0,"menu_order":0,"comment_status":"closed","ping_status":"closed","template":"","meta":{"inline_featured_image":false,"footnotes":""},"class_list":["post-1055","page","type-page","status-publish","hentry"],"jetpack_sharing_enabled":true,"_links":{"self":[{"href":"https:\/\/www.latelieremilie.com\/index.php\/wp-json\/wp\/v2\/pages\/1055","targetHints":{"allow":["GET"]}}],"collection":[{"href":"https:\/\/www.latelieremilie.com\/index.php\/wp-json\/wp\/v2\/pages"}],"about":[{"href":"https:\/\/www.latelieremilie.com\/index.php\/wp-json\/wp\/v2\/types\/page"}],"author":[{"embeddable":true,"href":"https:\/\/www.latelieremilie.com\/index.php\/wp-json\/wp\/v2\/users\/1"}],"replies":[{"embeddable":true,"href":"https:\/\/www.latelieremilie.com\/index.php\/wp-json\/wp\/v2\/comments?post=1055"}],"version-history":[{"count":5,"href":"https:\/\/www.latelieremilie.com\/index.php\/wp-json\/wp\/v2\/pages\/1055\/revisions"}],"predecessor-version":[{"id":1544,"href":"https:\/\/www.latelieremilie.com\/index.php\/wp-json\/wp\/v2\/pages\/1055\/revisions\/1544"}],"wp:attachment":[{"href":"https:\/\/www.latelieremilie.com\/index.php\/wp-json\/wp\/v2\/media?parent=1055"}],"curies":[{"name":"wp","href":"https:\/\/api.w.org\/{rel}","templated":true}]}}