{"id":503,"date":"2020-11-16T17:58:41","date_gmt":"2020-11-16T16:58:41","guid":{"rendered":"https:\/\/www.latelieremilie.com\/?post_type=product&#038;p=503"},"modified":"2024-08-07T10:52:11","modified_gmt":"2024-08-07T08:52:11","slug":"demi-journee-couture-en-atelier-collectif","status":"publish","type":"product","link":"https:\/\/www.latelieremilie.com\/index.php\/produit\/demi-journee-couture-en-atelier-collectif\/","title":{"rendered":"Demi journ\u00e9e couture en stage \u00e0 th\u00e8me collectif"},"content":{"rendered":"<p>Carte cadeau valable pendant 1 an \u00e0 partir de l\u2019achat du produit.<\/p>\n<p>Un stage couture d&rsquo;une demi journ\u00e9e (3h) \u00e0 choisir dans les stages \u00e0 th\u00e8me collectifs, disponibles tout au long de l&rsquo;ann\u00e9e.<br \/>\nVeuillez regarder les stages disponibles dans la cat\u00e9gorie \u00ab\u00a0stage \u00e0 th\u00e8me\u00a0\u00bb du site internet et r\u00e9server en fonction.<\/p>\n<p>Lors des stage \u00e0 th\u00e8me le tissu et les accessoires de mercerie sont fournis.<\/p>\n<p>Adultes uniquement.<\/p>\n<p>Envoi postal d\u2019une jolie carte cadeau avec si vous le souhaitez une petite note \u00e9crite personnalisable.<\/p>\n<p>Livraison dans les 3 \u00e0 5 jours ouvr\u00e9s d\u00e8s la validation de la commande.<\/p>\n","protected":false},"excerpt":{"rendered":"<p>Bon cadeau pour un stage couture d&rsquo;une demi journ\u00e9e (3h) \u00e0 choisir dans les stages \u00e0 th\u00e8me collectifs, disponibles tout au long de l&rsquo;ann\u00e9e.<\/p>\n<p>Adultes uniquement.<\/p>\n","protected":false},"featured_media":512,"comment_status":"open","ping_status":"closed","template":"","meta":{"inline_featured_image":false},"product_cat":[36],"product_tag":[],"class_list":{"0":"post-503","1":"product","2":"type-product","3":"status-publish","4":"has-post-thumbnail","6":"product_cat-cartes-cadeaux","8":"first","9":"instock","10":"shipping-taxable","11":"purchasable","12":"product-type-simple"},"jetpack_sharing_enabled":true,"_links":{"self":[{"href":"https:\/\/www.latelieremilie.com\/index.php\/wp-json\/wp\/v2\/product\/503","targetHints":{"allow":["GET"]}}],"collection":[{"href":"https:\/\/www.latelieremilie.com\/index.php\/wp-json\/wp\/v2\/product"}],"about":[{"href":"https:\/\/www.latelieremilie.com\/index.php\/wp-json\/wp\/v2\/types\/product"}],"replies":[{"embeddable":true,"href":"https:\/\/www.latelieremilie.com\/index.php\/wp-json\/wp\/v2\/comments?post=503"}],"wp:featuredmedia":[{"embeddable":true,"href":"https:\/\/www.latelieremilie.com\/index.php\/wp-json\/wp\/v2\/media\/512"}],"wp:attachment":[{"href":"https:\/\/www.latelieremilie.com\/index.php\/wp-json\/wp\/v2\/media?parent=503"}],"wp:term":[{"taxonomy":"product_cat","embeddable":true,"href":"https:\/\/www.latelieremilie.com\/index.php\/wp-json\/wp\/v2\/product_cat?post=503"},{"taxonomy":"product_tag","embeddable":true,"href":"https:\/\/www.latelieremilie.com\/index.php\/wp-json\/wp\/v2\/product_tag?post=503"}],"curies":[{"name":"wp","href":"https:\/\/api.w.org\/{rel}","templated":true}]}}

Demi journée couture en stage à thème collectif

<p>Carte cadeau valable pendant 1 an à partir de l’achat du produit.</p>
<p>Un stage couture d&rsquo;une demi journée (3h) à choisir dans les stages à thème collectifs, disponibles tout au long de l&rsquo;année.<br />
Veuillez regarder les stages disponibles dans la catégorie « stage à thème » du site internet et réserver en fonction.</p>
<p>Lors des stage à thème le tissu et les accessoires de mercerie sont fournis.</p>
<p>Adultes uniquement.</p>
<p>Envoi postal d’une jolie carte cadeau avec si vous le souhaitez une petite note écrite personnalisable.</p>
<p>Livraison dans les 3 à 5 jours ouvrés dès la validation de la commande.</p>

<p>Bon cadeau pour un stage couture d&rsquo;une demi journée (3h) à choisir dans les stages à thème collectifs, disponibles tout au long de l&rsquo;année.</p>
<p>Adultes uniquement.</p>
